)?
2, 5, 7
Let n = 3941 + -1510. List the prime factors of n.
11, 13, 17
Let u be 2 + (-4 + 2 - -4). Suppose 0 = -5*x - z - 8, -z - 3 = -u*x - 4. What are the prime factors of 180/5 + 1*x?
5, 7
Let g(p) = 45*p - 166. List the prime factors of g(14).
2, 29
Let l be 1344/(-12)*3/4. Let b = l + 200. Suppose 4*z = -0*z + b. List the prime factors of z.
29
Suppose -1 = -2*n + 5. Let j(a) = a**3 - 4*a**2 + 5*a - 4. Let s be j(3). Suppose -7*w + n*w + s*o = -278, -2*w - 5*o = -121. List the prime factors of w.
2, 17
Suppose -2*s - 4*j = -1370, 11*j - 7*j - 679 = -s. What are the prime factors of s?
691
Let a = 840 - 552. What are the prime factors of a?
2, 3
Let a(h) = -176*h + 581. List the prime factors of a(-3).
1109
Let u(h) = h**3 - 7*h**2 - 45*h + 9. List the prime factors of u(15).
2, 3, 7
Let y = 75 + -70. Suppose -9 = 3*g - y*h, -3*g - h + 4*h - 3 = 0. What are the prime factors of g?
2
Suppose 0 = -0*v + v + 2*s - 10, 28 = 4*v + 5*s. Suppose -v*w - 212 = -4*w. What are the prime factors of w?
2, 53
Suppose -3*m + 4*m = 3*i + 20, 0 = m + 2*i - 30. Suppose 0*u + 4 = -2*u, -4*u = -2*d + 20. Suppose d - m = -4*n. What are the prime factors of n?
5
Let s(o) = -2*o**2 - 6*o - 3. Let b be s(-4). Let x = b - -16. Suppose -x*t + 30 = 3*l, -4*t + 7*l - 3*l = -56. List the prime factors of t.
3
Suppose 3*c - 4*q + 3*q = 0, 6 = 2*q. Let b be ((-14)/(-14))/(c/27). Let y = b + 1. What are the prime factors of y?
2, 7
Suppose -4*b = -0*b - 1360. List the prime factors of b.
2, 5, 17
Let k be 836/26 - (-6 - (-160)/26). Let q = 46 + k. List the prime factors of q.
2, 3, 13
Let q = 12 + 18. Let k = q - -112. What are the prime factors of k?
2, 71
Suppose 21*m = -48*m + 132549. What are the prime factors of m?
17, 113
Let y = -8 - -11. Suppose k - y = z, 4*z - 2*z = 0. Suppose t + k = 2, -w + 2*t = -28. What are the prime factors of w?
2, 13
Suppose 0 = -60*m + 49*m + 22550. What are the prime factors of m?
2, 5, 41
Let w(c) be the second derivative of -c**5/20 - 7*c**4/12 - c**3/3 - 11*c**2/2 - 8*c. What are the prime factors of w(-8)?
3, 23
Let t(x) be the third derivative of x**4/12 - 10*x**3/3 - 6*x**2. Let a be t(14). Let j(i) = i - 1. List the prime factors of j(a).
7
Let i = -371 - -752. Let k = i + -228. List the prime factors of k.
3, 17
Let u = -271 + 158. Let q = -54 - u. What are the prime factors of q?
59
Let m = -11 - -15. Let h be 1/(2/1584*m). Let k = -131 + h. What are the prime factors of k?
67
Suppose -3*l + u + 277 = 0, -4*u = -6*l + l + 471. Let i = 155 - l. List the prime factors of i.
2
Let g(f) = -44*f**2 + 3*f - 2. Suppose -d + 2 - 1 = 0. Let o be g(d). Let p = o - -68. List the prime factors of p.
5
Let s(y) = -y**2 - 13*y + 4. Suppose 2*n + 27 = -3*a - 0*a, 0 = 5*n. What are the prime factors of s(a)?
2, 5
Suppose -10*r + 4793 = -1077. List the prime factors of r.
587
Suppose -3*p + 2*p = 3*k - 12, p + 4*k - 13 = 0. Let u(m) = -m**2 + 14*m - 6. Let h be u(p). Suppose -3*b + 4*b = h. List the prime factors of b.
3, 13
Suppose 3*d + 12*d = 1635. List the prime factors of d.
109
Suppose -3*l + 4*l = -2. Let r(i) = -15*i - 2. List the prime factors of r(l).
2, 7
Suppose 269 = 2*t - 59. What are the prime factors of t?
2, 41
Let n be 86/10 + (-21)/35. Let v = n + -16. List the prime factors of (-8)/6*12/v.
2
Suppose 343 = -2*z + 143. Let h = z + 156. Suppose k = 3*k - h. List the prime factors of k.
2, 7
Suppose 0 = -0*b + 10*b - 100. Suppose 0 = -6*u + b*u + 88. Let h = 35 + u. List the prime factors of h.
13
Suppose -7*s - 325 = -12*s. List the prime factors of (-26)/s + (-624)/(-10).
2, 31
Suppose 3*c = 3 - 0. Let v be (6/15)/(1/(-65)). Let l = c - v. What are the prime factors of l?
3
Let k(w) = w**3 - 18*w**2 + 2*w - 30. List the prime factors of k(19).
3, 41
Let k be (0/(0 + 2))/(-2). Let i be k - (0/1 - 2). Suppose 4*t - 28 = i*t. What are the prime factors of t?
2, 7
Let l(d) = d**3 - 4. Let u be l(0). Let t(z) = 3*z + 4. Let o be t(u). Let v = o - -53. List the prime factors of v.
3, 5
Let s = 14 + -12. Suppose -4*u = -s*w - 160, 330 = -5*w - 4*u - 140. List the prime factors of (6/(-12))/(1/w).
3, 5
Let h(v) = -230*v - 135. List the prime factors of h(-3).
3, 5, 37
Suppose 11*k - 6*k = -140. Let a = k + 106. List the prime factors of a.
2, 3, 13
Let c = 468 + 425. What are the prime factors of c?
19, 47
Let g(n) = 16*n**2 - 2*n + 1. Let p be g(-3). Let l = 97 - p. List the prime factors of 5*-1*l/10.
3
Let p(v) = 3*v**2 + 27*v - 157. List the prime factors of p(5).
53
Let r = 75 - 75. What are the prime factors of (r - (-69)/4)/(69/184)?
2, 23
Let g(m) be the third derivative of -1/20*m**5 - 1/3*m**3 + 1/120*m**6 + 0 - 2*m**2 + 0*m - 1/4*m**4. What are the prime factors of g(5)?
2, 3
Let i be (-16 - -18)*((-6)/(-4))/1. Suppose -p + 530 = 5*r - 165, i*r + 5*p = 395. List the prime factors of r.
2, 5, 7
Let u = 23 - 19. Suppose -u*m + 306 = 42. What are the prime factors of m?
2, 3, 11
Suppose 3*j = 5*j - 4*a - 102, 4*a = 5*j - 285. Suppose 9*g + 200 = 5*z + 7*g, -2*z - 3*g + j = 0. What are the prime factors of z?
2, 19
Suppose 0 = p - 9*p + 432. List the prime factors of p/2*1/((-6)/(-28)).
2, 3, 7
Let l = 5 - 5. Suppose 3*j = -i - 2 - 9, l = i - 4*j - 24. Suppose -h + i*h = 87. What are the prime factors of h?
29
Suppose -3 = c - 1, -2*c = -2*m + 4. Suppose -2*r + 2*z + 2 = -5*r, m = -4*r - 2*z. List the prime factors of r.
2
Suppose 989 = z + 2*u, -13*z + 3003 = -10*z - 3*u. List the prime factors of z.
997
Suppose 0*z - 3*z + 90 = 0. List the prime factors of z.
2, 3, 5
Let x(r) = -2*r**3 + 16*r**2 + 8*r + 9. Let w be x(7). Let f = 367 - w. List the prime factors of f.
2, 3, 17
Suppose 29*v = -3*v + 8288. What are the prime factors of v?
7, 37
Let l(n) be the second derivative of -n**3/6 + 9*n**2/2 - 3*n. Let g be l(9). Suppose -5*r + 63 - 3 = g. List the prime factors of r.
2, 3
Suppose 3*w - 1545 = 873. List the prime factors of w.
2, 13, 31
Let h = 12 + -7. Let t(n) = 2 - 16*n - h + 1. What are the prime factors of t(-2)?
2, 3, 5
Suppose -14*b + 268 = -10*b. Let v = b - -1. List the prime factors of v.
2, 17
Suppose 3*j - 18888 = -21*j. What are the prime factors of j?
787
Let f(u) = -u**3 - 6*u**2 + u - 3. Let z be f(-6). Let g(m) = -m - 19. Let i be g(-10). What are the prime factors of (-353)/z - (-2)/i?
3, 13
Let m(c) = 83*c**2 - 35*c - 143. What are the prime factors of m(-5)?
7, 43
Let k(i) = i**2 + 14*i + 160. List the prime factors of k(-46).
2, 3, 17
Let h(j) = j**3 - 5*j**2 - 17*j - 11. Let r be h(8). Let d(w) = w - 1. Let k be d(1). Suppose -4*i + 31 + r = k. List the prime factors of i.
19
Let i(w) = 45*w - 3. Let y be i(6). Let a = y - 69. What are the prime factors of a?
2, 3, 11
Let s = 76 + -40. Suppose 3*a = -5*w + 5, w = -3*w + 4*a + s. Suppose -j + 24 = u - 11, 0 = 3*u - w*j - 140. What are the prime factors of u?
2, 5
Let z(y) = 96*y**2 + 10*y + 30. Let h be z(-3). Let u = 1212 - h. What are the prime factors of u?
2, 3, 29
Let b = 991 + -72. List the prime factors of b.
919
Let z(j) = 39 + j + 0*j - 13 + 0*j. What are the prime factors of z(9)?
5, 7
Let r(u) = u**3 - 5*u**2 - 9*u + 7. Let z be r(6). Let k(f) = f + 2*f - 6*f + f - 1. List the prime factors of k(z).
3, 7
Let t = -37 - -52. Let u(h) = -h**2 + 16*h - 8. What are the prime factors of u(t)?
7
Suppose 4*d - 48 = -12. Suppose -2*o - d = 4*s - 3*s, -4*s = 12. List the prime factors of o/2 - (-73)/2.
5, 7
Let v = -40 + 35. List the prime factors of ((-57)/4)/(v/((-40)/(-3))).
2, 19
Suppose -3*l = 4*f, 3*f + 2*f - 1 = -4*l. Suppose q - 21 = -5*g, 0*g + 132 = 4*q - l*g. What are the prime factors of q?
31
Let n be (-2)/(-8) - (-242)/(-8). Let x(c) = c**2 - c - 69. Let i be x(10). Let u = i - n. List the prime factors of u.
3, 17
Let w(n) = -n**3 - 11*n**2 - 69*n + 38. List the prime factors of w(-16).
2, 7, 173
Let w = -17 + 11. List the prime factors of 3 - -161 - (4 + w).
2, 83
Let f(n) = n**3 - 53*n**2 - 55*n + 66. List the prime factors of f(54).
2, 3
Let r(a) = -41*a - 98. What are the prime factors of r(-9)?
271
Let q(j) be the third derivative of j**5/60 - 13*j**4/24 + j**3/3 + j**2. Let t be ((-3)/(-3)*2)/(2/13). List the prime factors of q(t).
2
Suppose f - 1325 = -2*r, -5*f = -f - 20. List the prime factors of r.
2, 3, 5, 11
Let g 